1
List the prime factors of 1613.
1613
List the prime factors of 12301.
12301
List the prime factors of 3212.
2, 11, 73
List the prime factors of 2392.
2, 13, 23
What are the prime factors of 164?
2, 41
What are the prime factors of 111498?
2, 3, 18583
What are the prime factors of 59030?
2, 5, 5903
What are the prime factors of 101?
101
List the prime factors of 1505.
5, 7, 43
List the prime factors of 7422.
2, 3, 1237
List the prime factors of 19414.
2, 17, 571
List the prime factors of 7853.
7853
List the prime factors of 4726.
2, 17, 139
What are the prime factors of 3811?
37, 103
What are the prime factors of 289?
17
What are the prime factors of 6585?
3, 5, 439
What are the prime factors of 917?
7, 131
List the prime factors of 5087.
5087
List the prime factors of 1746.
2, 3, 97
What are the prime factors of 17939?
17939
List the prime factors of 27069.
3, 7, 1289
List the prime factors of 3868.
2, 967
List the prime factors of 3248.
2, 7, 29
What are the prime factors of 16534?
2, 7, 1181
What are the prime factors of 6658?
2, 3329
List the prime factors of 51966.
2, 3, 2887
What are the prime factors of 8742?
2, 3, 31, 47
List the prime factors of 18289.
18289
List the prime factors of 108101.
7, 15443
List the prime factors of 48242.
2, 24121
What are the prime factors of 1199?
11, 109
What are the prime factors of 6515?
5, 1303
List the prime factors of 2434.
2, 1217
What are the prime factors of 614?
2, 307
List the prime factors of 733.
733
List the prime factors of 37072.
2, 7, 331
What are the prime factors of 654?
2, 3, 109
List the prime factors of 74.
2, 37
List the prime factors of 18684.
2, 3, 173
What are the prime factors of 1337?
7, 191
List the prime factors of 18452.
2, 7, 659
List the prime factors of 1793.
11, 163
What are the prime factors of 634?
2, 317
What are the prime factors of 1634?
2, 19, 43
What are the prime factors of 102?
2, 3, 17
List the prime factors of 505.
5, 101
List the prime factors of 7122.
2, 3, 1187
What are the prime factors of 2673?
3, 11
What are the prime factors of 18499?
13, 1423
List the prime factors of 19928.
2, 47, 53
What are the prime factors of 445?
5, 89
What are the prime factors of 2664?
2, 3, 37
List the prime factors of 3114.
2, 3, 173
List the prime factors of 3474.
2, 3, 193
What are the prime factors of 1235?
5, 13, 19
List the prime factors of 21381.
3, 7127
What are the prime factors of 5323?
5323
List the prime factors of 405.
3, 5
List the prime factors of 8455.
5, 19, 89
List the prime factors of 20818.
2, 7, 1487
What are the prime factors of 69119?
69119
List the prime factors of 26960.
2, 5, 337
List the prime factors of 534.
2, 3, 89
What are the prime factors of 904?
2, 113
List the prime factors of 18894.
2, 3, 47, 67
What are the prime factors of 2630?
2, 5, 263
List the prime factors of 14447.
14447
What are the prime factors of 1928?
2, 241
List the prime factors of 55263.
3, 13, 109
What are the prime factors of 1089?
3, 11
What are the prime factors of 967?
967
List the prime factors of 2366.
2, 7, 13
What are the prime factors of 3424?
2, 107
List the prime factors of 4707.
3, 523
List the prime factors of 71749.
157, 457
List the prime factors of 1404.
2, 3, 13
What are the prime factors of 53508?
2, 3, 7, 13
What are the prime factors of 7643?
7643
List the prime factors of 19699.
19699
What are the prime factors of 9860?
2, 5, 17, 29
List the prime factors of 1456.
2, 7, 13
List the prime factors of 3706.
2, 17, 109
List the prime factors of 23710.
2, 5, 2371
What are the prime factors of 1946?
2, 7, 139
What are the prime factors of 4086?
2, 3, 227
List the prime factors of 32400.
2, 3, 5
List the prime factors of 17288.
2, 2161
What are the prime factors of 111160?
2, 5, 7, 397
List the prime factors of 18642.
2, 3, 13, 239
List the prime factors of 2530.
2, 5, 11, 23
List the prime factors of 7226.
2, 3613
List the prime factors of 3037.
3037
List the prime factors of 2772.
2, 3, 7, 11
What are the prime factors of 1653?
3, 19, 29
List the prime factors of 1038.
2, 3, 173
What are the prime factors of 164?
2, 41
What are the prime factors of 739?
739
What are the prime factors of 504?
2, 3, 7
List the prime factors of 6415.
5, 1283
What are the prime factors of 481?
13, 37
What are the prime factors of 69836?
2, 13, 17, 79
List the prime factors of 7115.
5, 1423
What are the prime factors of 13680?
2, 3, 5, 19
What are the prime factors of 14162?
2, 73, 97
List the prime factors of 1436.
2, 359
List the prime factors of 14099.
23, 613
What are the prime factors of 552?
2, 3, 23
What are the prime factors of 38384?
2, 2399
What are the prime factors of 6446?
2, 11, 293
List the prime factors of 4167.
3, 463
What are the prime factors of 15375?
3, 5, 41
List the prime factors of 7537.
7537
What are the prime factors of 18271?
11, 151
List the prime factors of 492.
2, 3, 41
What are the prime factors of 6136?
2, 13, 59
What are the prime factors of 206?
2, 103
What are the prime factors of 7673?
7673
List the prime factors of 33503.
33503
List the prime factors of 50080.
2, 5, 313
What are the prime factors of 78921?
3, 37, 79
List the prime factors of 3400.
2, 5, 17
List the prime factors of 10794.
2, 3, 7, 257
List the prime factors of 18730.
2, 5, 1873
List the prime factors of 4462.
2, 23, 97
List the prime factors of 16165.
5, 53, 61
List the prime factors of 48161.
17, 2833
List the prime factors of 2372.
2, 593
List the prime factors of 61710.
2, 3, 5, 11, 17
What are the prime factors of 1395?
3, 5, 31
List the prime factors of 12030.
2, 3, 5, 401
List the prime factors of 859.
859
List the prime factors of 2692.
2, 673
What are the prime factors of 1152?
2, 3
What are the prime factors of 9199?
9199
What are the prime factors of 6694?
2, 3347
List the prime factors of 11899.
73, 163
What are the prime factors of 223?
223
What are the prime factors of 16891?
7, 19, 127
What are the prime factors of 233?
233
What are the prime factors of 216?
2, 3
List the prime factors of 1371.
3, 457
What are the prime factors of 9055?
5, 1811
What are the prime factors of 12602?
2, 6301
What are the prime factors of 3708?
2, 3, 103
List the prime factors of 1039.
1039
List the prime factors of 116010.
2, 3, 5, 1289
List the prime factors of 454.
2, 227
What are the prime factors of 4145?
5, 829
What are the prime factors of 137531?
83, 1657
List the prime factors of 294.
2, 3, 7
List the prime factors of 92380.
2, 5, 31, 149
List the prime factors of 2122.
2, 1061
List the prime factors of 557.
557
List the prime factors of 2183.
37, 59
List the prime factors of 96981.
3, 32327
List the prime factors of 7563.
3, 2521
List the prime factors of 547.
547
List the prime factors of 7934.
2, 3967
List the prime factors of 203.
7, 29
List the prime factors of 14479.
14479
List the prime factors of 1228.
2, 307
What are the prime factors of 1313?
13, 101
List the prime factors of 2728.
2, 11, 31
What are the prime factors of 2304?
2, 3
What are the prime factors of 2936?
2, 367
What are the prime factors of 9766?
2, 19, 257
List the prime factors of 657.
3, 73
What are the prime factors of 4548?
2, 3, 379
List the prime factors of 6234.
2, 3, 1039
What are the prime factors of 1464?
2, 3, 61
What are the prime factors of 1519?
7, 31
What are the prime factors of 133557?
3, 44519
List the prime factors of 1832.
2, 229
List the prime factors of 2807.
7, 401
What are the prime factors of 77620?
2, 5, 3881
List the prime factors of 43642.
2, 21821
List the prime factors of 2679.
3, 19, 47
List the prime factors of 331.
331
What are the prime factors of 2153?
2153
List the prime factors of 1931.
1931
What are the prime factors of 1174?
2, 587
List the prime factors of 637.
7, 13
List the prime factors of 242.
2, 11
What are the prime factors of 1486?
2, 743
What are the prime factors of 377?
13, 29
What are the prime factors of 25774?
2, 7, 263
What are the prime factors of 139?
139
What are the prime factors of 641?
641
What are the prime factors of 4190?
2, 5, 419
List the prime factors of 46676.
2, 7, 1667
What are the prime factors of 1353?
3, 11, 41
What are the prime factors of 13704?
2, 3, 571
What are the prime factors of 3039?
3, 1013
List the prime factors of